{"id":4473,"date":"2024-11-07T08:10:08","date_gmt":"2024-11-07T08:10:08","guid":{"rendered":"https:\/\/booking.rehmracedays.de\/informacion-legal\/"},"modified":"2025-04-06T10:39:15","modified_gmt":"2025-04-06T10:39:15","slug":"informacion-legal","status":"publish","type":"page","link":"https:\/\/www.rehmracedays.com\/es\/informacion-legal\/","title":{"rendered":"Informaci\u00f3n legal"},"content":{"rendered":"\t\t<div data-elementor-type=\"wp-page\" data-elementor-id=\"4473\" class=\"elementor elementor-4473 elementor-18\" data-elementor-post-type=\"page\">\n\t\t\t\t<div class=\"elementor-element elementor-element-ab1a60f e-flex e-con-boxed e-con e-parent\" data-id=\"ab1a60f\" data-element_type=\"container\" data-e-type=\"container\">\n\t\t\t\t\t<div class=\"e-con-inner\">\n\t\t\t\t<div class=\"elementor-element elementor-element-6796f17 elementor-widget elementor-widget-spacer\" data-id=\"6796f17\" data-element_type=\"widget\" data-e-type=\"widget\" data-widget_type=\"spacer.default\">\n\t\t\t\t<div class=\"elementor-widget-container\">\n\t\t\t\t\t\t\t<div class=\"elementor-spacer\">\n\t\t\t<div class=\"elementor-spacer-inner\"><\/div>\n\t\t<\/div>\n\t\t\t\t\t\t<\/div>\n\t\t\t\t<\/div>\n\t\t\t\t\t<\/div>\n\t\t\t\t<\/div>\n\t\t<div class=\"elementor-element elementor-element-7de9cd5 e-flex e-con-boxed e-con e-parent\" data-id=\"7de9cd5\" data-element_type=\"container\" data-e-type=\"container\">\n\t\t\t\t\t<div class=\"e-con-inner\">\n\t\t\t\t<div class=\"elementor-element elementor-element-82c29f7 elementor-widget elementor-widget-text-editor\" data-id=\"82c29f7\" data-element_type=\"widget\" data-e-type=\"widget\" data-widget_type=\"text-editor.default\">\n\t\t\t\t<div class=\"elementor-widget-container\">\n\t\t\t\t\t\t\t\t\t<p><strong>Rehm race days GmbH<\/strong><\/p>\n<p>Wachau 6<br>89584 Ehingen<br>Alemania<\/p>\n<p>Autorizado:<br>Karl Rehm<\/p>\n<p><strong>Contacto:<\/strong><\/p>\n<p>Tel\u00e9fono: +49 (0) 7391 755 80 67<br>Correo electr\u00f3nico: info@rehmracedays.com<\/p>\n<p><strong>Inscripci\u00f3n en el registro:<\/strong><\/p>\n<p>Sede social:<br>Wachau 6<br>89584 Ehingen<br>Alemania<\/p>\n<p>Tribunal de registro:<br>Amtsgericht Ulm<\/p>\n<p>N\u00famero de registro:<br>HRB 737699<\/p>\n<p><strong>N\u00famero de registro de IVA de conformidad con el \u00a727a de la Ley del IVA<\/strong><\/p>\n<p>DE815797828<\/p>\n<p>FMI Organisatoren-Lizenz (SPEED): N\u00b0 O\/136\/2025<\/p>\n<p><strong>Resoluci\u00f3n de litigios en l\u00ednea<\/strong><br>La Comisi\u00f3n Europea proporciona una plataforma para la resoluci\u00f3n de litigios en l\u00ednea en <a href=\"https:\/\/ec.europa.eu\/consumers\/odr\/\" target=\"_blank\" rel=\"noopener\">ec.europa.eu\/consumers\/odr\/<\/a>, que los consumidores pueden utilizar para resolver un litigio y donde se puede encontrar m\u00e1s informaci\u00f3n sobre la resoluci\u00f3n de litigios.<\/p>\n<p><strong>Resoluci\u00f3n extrajudicial de litigios<\/strong><br>No estamos obligados ni dispuestos a participar en procedimientos de resoluci\u00f3n de disputas ante una junta de arbitraje de consumidores en caso de disputa con un consumidor.<\/p>\n<p><span style=\"font-weight: bolder;\">Informaci\u00f3n sobre la validez de las versiones ling\u00fc\u00edsticas<\/span><br><span style=\"color: var( --e-global-color-text ); font-family: var( --e-global-typography-text-font-family ), Sans-serif; font-weight: var( --e-global-typography-text-font-weight ); text-align: var(--text-align); font-size: 1rem;\">Este sitio web est\u00e1 disponible en varios idiomas. Tenga en cuenta que pueden surgir discrepancias debido al proceso de traducci\u00f3n. En caso de duda, prevalecer\u00e1 la versi\u00f3n original en alem\u00e1n.  <\/span><\/p>\n<p><strong style=\"color: var( --e-global-color-text ); font-family: var( --e-global-typography-text-font-family ), Sans-serif; text-align: var(--text-align); font-size: 1rem;\">Dise\u00f1o y programaci\u00f3n web<\/strong><\/p>\n<p><a href=\"https:\/\/external.at\">External IT Solutions e.U.<\/a><\/p>\t\t\t\t\t\t\t\t<\/div>\n\t\t\t\t<\/div>\n\t\t\t\t\t<\/div>\n\t\t\t\t<\/div>\n\t\t\t\t<\/div>\n\t\t","protected":false},"excerpt":{"rendered":"<p>Rehm race days GmbH Wachau 689584 EhingenAlemania Autorizado:Karl Rehm Contacto: Tel\u00e9fono: +49 (0) 7391 755 80 67Correo electr\u00f3nico: info@rehmracedays.com Inscripci\u00f3n en el registro: Sede social:Wachau 689584 EhingenAlemania Tribunal de registro:Amtsgericht Ulm N\u00famero de registro:HRB 737699 N\u00famero de registro de IVA de conformidad con el \u00a727a de la Ley del IVA DE815797828 FMI Organisatoren-Lizenz (SPEED): N\u00b0 [&hellip;]<\/p>\n","protected":false},"author":1,"featured_media":0,"parent":0,"menu_order":0,"comment_status":"closed","ping_status":"closed","template":"","meta":{"postBodyCss":"","postBodyMargin":[],"postBodyPadding":[],"postBodyBackground":{"backgroundType":"classic","gradient":""},"footnotes":""},"class_list":["post-4473","page","type-page","status-publish","hentry"],"yoast_head":"<!-- This site is optimized with the Yoast SEO plugin v27.0 - https:\/\/yoast.com\/product\/yoast-seo-wordpress\/ -->\n<title>Informaci\u00f3n legal - Rehm Race Days<\/title>\n<meta name=\"robots\" content=\"index, follow, max-snippet:-1, max-image-preview:large, max-video-preview:-1\" \/>\n<link rel=\"canonical\" href=\"https:\/\/www.rehmracedays.com\/es\/informacion-legal\/\" \/>\n<meta property=\"og:locale\" content=\"es_ES\" \/>\n<meta property=\"og:type\" content=\"article\" \/>\n<meta property=\"og:title\" content=\"Informaci\u00f3n legal - Rehm Race Days\" \/>\n<meta property=\"og:description\" content=\"Rehm race days GmbH Wachau 689584 EhingenAlemania Autorizado:Karl Rehm Contacto: Tel\u00e9fono: +49 (0) 7391 755 80 67Correo electr\u00f3nico: info@rehmracedays.com Inscripci\u00f3n en el registro: Sede social:Wachau 689584 EhingenAlemania Tribunal de registro:Amtsgericht Ulm N\u00famero de registro:HRB 737699 N\u00famero de registro de IVA de conformidad con el \u00a727a de la Ley del IVA DE815797828 FMI Organisatoren-Lizenz (SPEED): N\u00b0 [&hellip;]\" \/>\n<meta property=\"og:url\" content=\"https:\/\/www.rehmracedays.com\/es\/informacion-legal\/\" \/>\n<meta property=\"og:site_name\" content=\"Rehm Race Days\" \/>\n<meta property=\"article:modified_time\" content=\"2025-04-06T10:39:15+00:00\" \/>\n<meta name=\"twitter:card\" content=\"summary_large_image\" \/>\n<meta name=\"twitter:label1\" content=\"Tiempo de lectura\" \/>\n\t<meta name=\"twitter:data1\" content=\"1 minuto\" \/>\n<script type=\"application\/ld+json\" class=\"yoast-schema-graph\">{\"@context\":\"https:\/\/schema.org\",\"@graph\":[{\"@type\":\"WebPage\",\"@id\":\"https:\/\/www.rehmracedays.com\/es\/informacion-legal\/\",\"url\":\"https:\/\/www.rehmracedays.com\/es\/informacion-legal\/\",\"name\":\"Informaci\u00f3n legal - Rehm Race Days\",\"isPartOf\":{\"@id\":\"https:\/\/www.rehmracedays.com\/es\/#website\"},\"datePublished\":\"2024-11-07T08:10:08+00:00\",\"dateModified\":\"2025-04-06T10:39:15+00:00\",\"breadcrumb\":{\"@id\":\"https:\/\/www.rehmracedays.com\/es\/informacion-legal\/#breadcrumb\"},\"inLanguage\":\"es\",\"potentialAction\":[{\"@type\":\"ReadAction\",\"target\":[\"https:\/\/www.rehmracedays.com\/es\/informacion-legal\/\"]}]},{\"@type\":\"BreadcrumbList\",\"@id\":\"https:\/\/www.rehmracedays.com\/es\/informacion-legal\/#breadcrumb\",\"itemListElement\":[{\"@type\":\"ListItem\",\"position\":1,\"name\":\"Startseite\",\"item\":\"https:\/\/www.rehmracedays.com\/es\/\"},{\"@type\":\"ListItem\",\"position\":2,\"name\":\"Informaci\u00f3n legal\"}]},{\"@type\":\"WebSite\",\"@id\":\"https:\/\/www.rehmracedays.com\/es\/#website\",\"url\":\"https:\/\/www.rehmracedays.com\/es\/\",\"name\":\"Rehm Race Days\",\"description\":\"Motorrad auf der Rennstrecke fahren\",\"publisher\":{\"@id\":\"https:\/\/www.rehmracedays.com\/es\/#organization\"},\"potentialAction\":[{\"@type\":\"SearchAction\",\"target\":{\"@type\":\"EntryPoint\",\"urlTemplate\":\"https:\/\/www.rehmracedays.com\/es\/?s={search_term_string}\"},\"query-input\":{\"@type\":\"PropertyValueSpecification\",\"valueRequired\":true,\"valueName\":\"search_term_string\"}}],\"inLanguage\":\"es\"},{\"@type\":\"Organization\",\"@id\":\"https:\/\/www.rehmracedays.com\/es\/#organization\",\"name\":\"Rehm Race Days\",\"url\":\"https:\/\/www.rehmracedays.com\/es\/\",\"logo\":{\"@type\":\"ImageObject\",\"inLanguage\":\"es\",\"@id\":\"https:\/\/www.rehmracedays.com\/es\/#\/schema\/logo\/image\/\",\"url\":\"https:\/\/www.rehmracedays.com\/wp-content\/uploads\/2024\/11\/logorehm.png\",\"contentUrl\":\"https:\/\/www.rehmracedays.com\/wp-content\/uploads\/2024\/11\/logorehm.png\",\"width\":304,\"height\":79,\"caption\":\"Rehm Race Days\"},\"image\":{\"@id\":\"https:\/\/www.rehmracedays.com\/es\/#\/schema\/logo\/image\/\"}}]}<\/script>\n<!-- \/ Yoast SEO plugin. -->","yoast_head_json":{"title":"Informaci\u00f3n legal - Rehm Race Days","robots":{"index":"index","follow":"follow","max-snippet":"max-snippet:-1","max-image-preview":"max-image-preview:large","max-video-preview":"max-video-preview:-1"},"canonical":"https:\/\/www.rehmracedays.com\/es\/informacion-legal\/","og_locale":"es_ES","og_type":"article","og_title":"Informaci\u00f3n legal - Rehm Race Days","og_description":"Rehm race days GmbH Wachau 689584 EhingenAlemania Autorizado:Karl Rehm Contacto: Tel\u00e9fono: +49 (0) 7391 755 80 67Correo electr\u00f3nico: info@rehmracedays.com Inscripci\u00f3n en el registro: Sede social:Wachau 689584 EhingenAlemania Tribunal de registro:Amtsgericht Ulm N\u00famero de registro:HRB 737699 N\u00famero de registro de IVA de conformidad con el \u00a727a de la Ley del IVA DE815797828 FMI Organisatoren-Lizenz (SPEED): N\u00b0 [&hellip;]","og_url":"https:\/\/www.rehmracedays.com\/es\/informacion-legal\/","og_site_name":"Rehm Race Days","article_modified_time":"2025-04-06T10:39:15+00:00","twitter_card":"summary_large_image","twitter_misc":{"Tiempo de lectura":"1 minuto"},"schema":{"@context":"https:\/\/schema.org","@graph":[{"@type":"WebPage","@id":"https:\/\/www.rehmracedays.com\/es\/informacion-legal\/","url":"https:\/\/www.rehmracedays.com\/es\/informacion-legal\/","name":"Informaci\u00f3n legal - Rehm Race Days","isPartOf":{"@id":"https:\/\/www.rehmracedays.com\/es\/#website"},"datePublished":"2024-11-07T08:10:08+00:00","dateModified":"2025-04-06T10:39:15+00:00","breadcrumb":{"@id":"https:\/\/www.rehmracedays.com\/es\/informacion-legal\/#breadcrumb"},"inLanguage":"es","potentialAction":[{"@type":"ReadAction","target":["https:\/\/www.rehmracedays.com\/es\/informacion-legal\/"]}]},{"@type":"BreadcrumbList","@id":"https:\/\/www.rehmracedays.com\/es\/informacion-legal\/#breadcrumb","itemListElement":[{"@type":"ListItem","position":1,"name":"Startseite","item":"https:\/\/www.rehmracedays.com\/es\/"},{"@type":"ListItem","position":2,"name":"Informaci\u00f3n legal"}]},{"@type":"WebSite","@id":"https:\/\/www.rehmracedays.com\/es\/#website","url":"https:\/\/www.rehmracedays.com\/es\/","name":"Rehm Race Days","description":"Motorrad auf der Rennstrecke fahren","publisher":{"@id":"https:\/\/www.rehmracedays.com\/es\/#organization"},"potentialAction":[{"@type":"SearchAction","target":{"@type":"EntryPoint","urlTemplate":"https:\/\/www.rehmracedays.com\/es\/?s={search_term_string}"},"query-input":{"@type":"PropertyValueSpecification","valueRequired":true,"valueName":"search_term_string"}}],"inLanguage":"es"},{"@type":"Organization","@id":"https:\/\/www.rehmracedays.com\/es\/#organization","name":"Rehm Race Days","url":"https:\/\/www.rehmracedays.com\/es\/","logo":{"@type":"ImageObject","inLanguage":"es","@id":"https:\/\/www.rehmracedays.com\/es\/#\/schema\/logo\/image\/","url":"https:\/\/www.rehmracedays.com\/wp-content\/uploads\/2024\/11\/logorehm.png","contentUrl":"https:\/\/www.rehmracedays.com\/wp-content\/uploads\/2024\/11\/logorehm.png","width":304,"height":79,"caption":"Rehm Race Days"},"image":{"@id":"https:\/\/www.rehmracedays.com\/es\/#\/schema\/logo\/image\/"}}]}},"meta_box":[],"_links":{"self":[{"href":"https:\/\/www.rehmracedays.com\/es\/wp-json\/wp\/v2\/pages\/4473","targetHints":{"allow":["GET"]}}],"collection":[{"href":"https:\/\/www.rehmracedays.com\/es\/wp-json\/wp\/v2\/pages"}],"about":[{"href":"https:\/\/www.rehmracedays.com\/es\/wp-json\/wp\/v2\/types\/page"}],"author":[{"embeddable":true,"href":"https:\/\/www.rehmracedays.com\/es\/wp-json\/wp\/v2\/users\/1"}],"replies":[{"embeddable":true,"href":"https:\/\/www.rehmracedays.com\/es\/wp-json\/wp\/v2\/comments?post=4473"}],"version-history":[{"count":0,"href":"https:\/\/www.rehmracedays.com\/es\/wp-json\/wp\/v2\/pages\/4473\/revisions"}],"wp:attachment":[{"href":"https:\/\/www.rehmracedays.com\/es\/wp-json\/wp\/v2\/media?parent=4473"}],"curies":[{"name":"wp","href":"https:\/\/api.w.org\/{rel}","templated":true}]}}

Información legal

<div data-elementor-type="wp-page" data-elementor-id="4473" class="elementor elementor-4473 elementor-18" data-elementor-post-type="page">
				<div class="elementor-element elementor-element-ab1a60f e-flex e-con-boxed e-con e-parent" data-id="ab1a60f" data-element_type="container" data-e-type="container">
					<div class="e-con-inner">
				<div class="elementor-element elementor-element-6796f17 elementor-widget elementor-widget-spacer" data-id="6796f17" data-element_type="widget" data-e-type="widget" data-widget_type="spacer.default">
				<div class="elementor-widget-container">
							<div class="elementor-spacer">
			<div class="elementor-spacer-inner"></div>
		</div>
						</div>
				</div>
					</div>
				</div>
		<div class="elementor-element elementor-element-7de9cd5 e-flex e-con-boxed e-con e-parent" data-id="7de9cd5" data-element_type="container" data-e-type="container">
					<div class="e-con-inner">
				<div class="elementor-element elementor-element-82c29f7 elementor-widget elementor-widget-text-editor" data-id="82c29f7" data-element_type="widget" data-e-type="widget" data-widget_type="text-editor.default">
				<div class="elementor-widget-container">
									<p><strong>Rehm race days GmbH</strong></p>
<p>Wachau 6<br>89584 Ehingen<br>Alemania</p>
<p>Autorizado:<br>Karl Rehm</p>
<p><strong>Contacto:</strong></p>
<p>Teléfono: +49 (0) 7391 755 80 67<br>Correo electrónico: info@rehmracedays.com</p>
<p><strong>Inscripción en el registro:</strong></p>
<p>Sede social:<br>Wachau 6<br>89584 Ehingen<br>Alemania</p>
<p>Tribunal de registro:<br>Amtsgericht Ulm</p>
<p>Número de registro:<br>HRB 737699</p>
<p><strong>Número de registro de IVA de conformidad con el §27a de la Ley del IVA</strong></p>
<p>DE815797828</p>
<p>FMI Organisatoren-Lizenz (SPEED): N° O/136/2025</p>
<p><strong>Resolución de litigios en línea</strong><br>La Comisión Europea proporciona una plataforma para la resolución de litigios en línea en <a href="https://ec.europa.eu/consumers/odr/" target="_blank" rel="noopener">ec.europa.eu/consumers/odr/</a>, que los consumidores pueden utilizar para resolver un litigio y donde se puede encontrar más información sobre la resolución de litigios.</p>
<p><strong>Resolución extrajudicial de litigios</strong><br>No estamos obligados ni dispuestos a participar en procedimientos de resolución de disputas ante una junta de arbitraje de consumidores en caso de disputa con un consumidor.</p>
<p><span style="font-weight: bolder;">Información sobre la validez de las versiones lingüísticas</span><br><span style="color: var( --e-global-color-text ); font-family: var( --e-global-typography-text-font-family ), Sans-serif; font-weight: var( --e-global-typography-text-font-weight ); text-align: var(--text-align); font-size: 1rem;">Este sitio web está disponible en varios idiomas. Tenga en cuenta que pueden surgir discrepancias debido al proceso de traducción. En caso de duda, prevalecerá la versión original en alemán.  </span></p>
<p><strong style="color: var( --e-global-color-text ); font-family: var( --e-global-typography-text-font-family ), Sans-serif; text-align: var(--text-align); font-size: 1rem;">Diseño y programación web</strong></p>
<p><a href="https://external.at">External IT Solutions e.U.</a></p>								</div>
				</div>
					</div>
				</div>
				</div>

<p>Rehm race days GmbH Wachau 689584 EhingenAlemania Autorizado:Karl Rehm Contacto: Teléfono: +49 (0) 7391 755 80 67Correo electrónico: info@rehmracedays.com Inscripción en el registro: Sede social:Wachau 689584 EhingenAlemania Tribunal de registro:Amtsgericht Ulm Número de registro:HRB 737699 Número de registro de IVA de conformidad con el §27a de la Ley del IVA DE815797828 FMI Organisatoren-Lizenz (SPEED): N° [&hellip;]</p>

<!-- This site is optimized with the Yoast SEO plugin v27.0 - https://yoast.com/product/yoast-seo-wordpress/ -->
<title>Información legal - Rehm Race Days</title>
<meta name="robots" content="index, follow, max-snippet:-1, max-image-preview:large, max-video-preview:-1" />
<link rel="canonical" href="https://www.rehmracedays.com/es/informacion-legal/" />
<meta property="og:locale" content="es_ES" />
<meta property="og:type" content="article" />
<meta property="og:title" content="Información legal - Rehm Race Days" />
<meta property="og:description" content="Rehm race days GmbH Wachau 689584 EhingenAlemania Autorizado:Karl Rehm Contacto: Teléfono: +49 (0) 7391 755 80 67Correo electrónico: info@rehmracedays.com Inscripción en el registro: Sede social:Wachau 689584 EhingenAlemania Tribunal de registro:Amtsgericht Ulm Número de registro:HRB 737699 Número de registro de IVA de conformidad con el §27a de la Ley del IVA DE815797828 FMI Organisatoren-Lizenz (SPEED): N° [&hellip;]" />
<meta property="og:url" content="https://www.rehmracedays.com/es/informacion-legal/" />
<meta property="og:site_name" content="Rehm Race Days" />
<meta property="article:modified_time" content="2025-04-06T10:39:15+00:00" />
<meta name="twitter:card" content="summary_large_image" />
<meta name="twitter:label1" content="Tiempo de lectura" />
	<meta name="twitter:data1" content="1 minuto" />
<script type="application/ld+json" class="yoast-schema-graph">{"@context":"https://schema.org","@graph":[{"@type":"WebPage","@id":"https://www.rehmracedays.com/es/informacion-legal/","url":"https://www.rehmracedays.com/es/informacion-legal/","name":"Información legal - Rehm Race Days","isPartOf":{"@id":"https://www.rehmracedays.com/es/#website"},"datePublished":"2024-11-07T08:10:08+00:00","dateModified":"2025-04-06T10:39:15+00:00","breadcrumb":{"@id":"https://www.rehmracedays.com/es/informacion-legal/#breadcrumb"},"inLanguage":"es","potentialAction":[{"@type":"ReadAction","target":["https://www.rehmracedays.com/es/informacion-legal/"]}]},{"@type":"BreadcrumbList","@id":"https://www.rehmracedays.com/es/informacion-legal/#breadcrumb","itemListElement":[{"@type":"ListItem","position":1,"name":"Startseite","item":"https://www.rehmracedays.com/es/"},{"@type":"ListItem","position":2,"name":"Información legal"}]},{"@type":"WebSite","@id":"https://www.rehmracedays.com/es/#website","url":"https://www.rehmracedays.com/es/","name":"Rehm Race Days","description":"Motorrad auf der Rennstrecke fahren","publisher":{"@id":"https://www.rehmracedays.com/es/#organization"},"potentialAction":[{"@type":"SearchAction","target":{"@type":"EntryPoint","urlTemplate":"https://www.rehmracedays.com/es/?s={search_term_string}"},"query-input":{"@type":"PropertyValueSpecification","valueRequired":true,"valueName":"search_term_string"}}],"inLanguage":"es"},{"@type":"Organization","@id":"https://www.rehmracedays.com/es/#organization","name":"Rehm Race Days","url":"https://www.rehmracedays.com/es/","logo":{"@type":"ImageObject","inLanguage":"es","@id":"https://www.rehmracedays.com/es/#/schema/logo/image/","url":"https://www.rehmracedays.com/wp-content/uploads/2024/11/logorehm.png","contentUrl":"https://www.rehmracedays.com/wp-content/uploads/2024/11/logorehm.png","width":304,"height":79,"caption":"Rehm Race Days"},"image":{"@id":"https://www.rehmracedays.com/es/#/schema/logo/image/"}}]}</script>
<!-- / Yoast SEO plugin. -->

Información legal - Rehm Race Days

Rehm race days GmbH Wachau 689584 EhingenAlemania Autorizado:Karl Rehm Contacto: Teléfono: +49 (0) 7391 755 80 67Correo electrónico: info@rehmracedays.com Inscripción en el registro: Sede social:Wachau 689584 EhingenAlemania Tribunal de registro:Amtsgericht Ulm Número de registro:HRB 737699 Número de registro de IVA de conformidad con el §27a de la Ley del IVA DE815797828 FMI Organisatoren-Lizenz (SPEED): N° [&hellip;]
